999?
41
What is the remainder when 2315232 is divided by 67?
47
Calculate the remainder when 425428 is divided by 73.
57
What is the remainder when 679911 is divided by 339916?
79
What is the remainder when 99363 is divided by 14364?
13179
What is the remainder when 557872 is divided by 86?
76
What is the remainder when 137046 is divided by 9778?
154
What is the remainder when 975359 is divided by 162456?
623
Calculate the remainder when 35372218 is divided by 30.
28
What is the remainder when 30479 is divided by 3678?
1055
What is the remainder when 248021 is divided by 468?
449
What is the remainder when 11401 is divided by 5248?
905
What is the remainder when 16895039 is divided by 7829?
57
What is the remainder when 87590876 is divided by 21147?
2
What is the remainder when 17988 is divided by 4224?
1092
What is the remainder when 2372410 is divided by 64?
58
What is the remainder when 14996061 is divided by 4998653?
102
What is the remainder when 23070590 is divided by 126?
116
What is the remainder when 353641 is divided by 1743?
1555
What is the remainder when 70559423 is divided by 5584?
5583
What is the remainder when 4920552 is divided by 17387?
31
Calculate the remainder when 341321 is divided by 135.
41
Calculate the remainder when 12599907 is divided by 6299950.
7
What is the remainder when 5922988 is divided by 3408?
3292
What is the remainder when 6616919 is divided by 964?
23
What is the remainder when 20768963 is divided by 3092?
3091
What is the remainder when 40150161 is divided by 4927?
38
Calculate the remainder when 339322 is divided by 4800.
3322
Calculate the remainder when 670583 is divided by 59.
48
What is the remainder when 14537 is divided by 1617?
1601
What is the remainder when 16155183 is divided by 316?
315
Calculate the remainder when 31936 is divided by 135.
76
Calculate the remainder when 14949558 is divided by 1494943.
128
Calculate the remainder when 283468 is divided by 693.
31
Calculate the remainder when 13785855 is divided by 713.
0
Calculate the remainder when 88396227 is divided by 448.
3
What is the remainder when 4347210 is divided by 69002?
84
What is the remainder when 11568 is divided by 4319?
2930
Calculate the remainder when 994737 is divided by 8358.
135
What is the remainder when 951998 is divided by 509?
168
What is the remainder when 45418 is divided by 9021?
313
What is the remainder when 10405 is divided by 2677?
2374
What is the remainder when 5279751 is divided by 67?
17
Calculate the remainder when 15185 is divided by 3953.
3326
What is the remainder when 11981 is divided by 2381?
76
What is the remainder when 333352 is divided by 241?
49
What is the remainder when 5886128 is divided by 116?
56
Calculate the remainder when 14077 is divided by 12113.
1964
What is the remainder when 3384330 is divided by 69064?
194
Calculate the remainder when 1524339 is divided by 40.
19
Calculate the remainder when 5083803 is divided by 273.
270
Calculate the remainder when 72981316 is divided by 771.
769
What is the remainder when 607176 is divided by 121430?
26
What is the remainder when 308394 is divided by 1366?
1044
Calculate the remainder when 12440972 is divided by 23.
19
Calculate the remainder when 2876 is divided by 1084.
708
Calculate the remainder when 446450 is divided by 148595.
665
Calculate the remainder when 83572 is divided by 1667.
222
What is the remainder when 2352222 is divided by 35?
12
Calculate the remainder when 79055 is divided by 722.
357
What is the remainder when 3732774 is divided by 624?
6
Calculate the remainder when 3634484 is divided by 6018.
5630
Calculate the remainder when 1044138 is divided by 10982.
848
Calculate the remainder when 11894459 is divided by 636.
623
What is the remainder when 111815 is divided by 54?
35
Calculate the remainder when 1812714 is divided by 403.
20
Calculate the remainder when 9054 is divided by 1467.
252
What is the remainder when 58585 is divided by 19470?
175
What is the remainder when 8129479 is divided by 45415?
194
What is the remainder when 4010663 is divided by 7359?
8
What is the remainder when 1136796 is divided by 2035?
1266
Calculate the remainder when 4560125 is divided by 56.
45
What is the remainder when 23308 is divided by 2482?
970
What is the remainder when 26012383 is divided by 8670780?
43
What is the remainder when 2655454 is divided by 27952?
14
What is the remainder when 14829515 is divided by 411?
224
Calculate the remainder when 252771 is divided by 63043.
599
Calculate the remainder when 427763 is divided by 333.
191
What is the remainder when 47943 is divided by 976?
119
Calculate the remainder when 48379 is divided by 2206.
2053
What is the remainder when 31453221 is divided by 741?
735
Calculate the remainder when 53131 is divided by 3777.
253
What is the remainder when 54242722 is divided by 32637?
28
What is the remainder when 7028211 is divided by 44?
3
What is the remainder when 3843270 is divided by 1921586?
98
What is the remainder when 12004341 is divided by 69?
66
Calculate the remainder when 1234771 is divided by 102552.
4147
Calculate the remainder when 8843642 is divided by 8843518.
124
What is the remainder when 17219815 is divided by 545?
540
What is the remainder when 2477662 is divided by 9?
7
Calculate the remainder when 220742 is divided by 16958.
288
Calculate the remainder when 3638068 is divided by 187.
170
Calculate the remainder when 311214 is divided by 14.
8
What is the remainder when 1027084 is divided by 205415?
9
Calculate the remainder when 82124 is divided by 3416.
140
What is the remainder when 28727005 is divided by 2287?
2285
What is the remainder when 103818507 is divided by 51909210?
87
Calculate the remainder when 185282 is divided by 61676.
254
Calculate the remainder when 292691 is divided by 2035.
1686
Calculate the remainder when 9558741 is divided by 5503.
30
What is the remainder when 92574 is divided by 1687?
1476
Calculate the remainder when 4075559 is divided by 509437.
63
What is the remainder when 29033675 is divided by 4838944?
11
What is the remainder when 1882091 is divided by 1459?
1440
What is the remainder when 440221821 is divided by 63?
60
Calculate the remainder when 135578 is divided by 4106.
80
Calculate the remainder when 6704956 is divided by 4309.
152
What is the remainder when 473232 is divided by 1746?
66
What is the remainder when 583080 is divided by 6266?
342
Calculate the remainder when 836477 is divided by 84.
5
What is the remainder when 910656 is divided by 2?
0
Calculate the remainder when 2658235 is divided by 133.
97
What is the remainder when 4612383 is divided by 28?
27
Calculate the remainder when 12794846 is divided by 31.
30
What is the remainder when 695362 is divided by 894?
724
Calculate the remainder when 723533 is divided by 120240.
2093
What is the remainder when 10707525 is divided by 1771?
59
What is the remainder when 1168483 is divided by 389445?
148
What is the remainder when 13180188 is divided by 3295026?
84
What is the remainder when 239057 is divided by 1184?
1073
Calculate the remainder when 1816472217 is divided by 8303.
8301
What is the remainder when 986561 is divided by 600?
161
What is the remainder when 1985265 is divided by 9?
0
Calculate the remainder when 282784 is divided by 16633.
23
Calculate the remainder when 58759460 is divided by 351853.
9
Calculate the remainder when 431055 is divided by 4653.
2979
What is the remainder when 307578 is divided by 5807?
5614
What is the remainder when 87479 is divided by 14122?
2747
Calculate the remainder when 124341 is divided by 2897.
2667
Calculate the remainder when 784451 is divided by 392208.
35
Calculate the remainder when 707818 is divided by 640.
618
Calculate the remainder when 33966386 is divided by 598.
584
Calculate the remainder when 1319479 is divided by 1707.
1675
Calculate the remainder when 729985 is divided by 684.
157
Calculate the remainder when 2016625 is divided by 241.
178
What is the remainder when 87887 is divided by 87864?
23
What is the remainder when 660220 is divided by 82350?
1420
What is the remainder when 274237 is divided by 16658?
7709
What is the remainder when 555208 is divided by 3119?
26
Calculate the remainder when 1677197